= 3*g. List the prime factors of (9/18)/(i/21432).
2, 19, 47
Suppose 60 = 7*m + 32. Suppose m*f + 4*i - 9*i - 2879 = 0, i = -3*f + 2145. What are the prime factors of f?
2, 179
Let l = 31274 - 16229. What are the prime factors of l?
3, 5, 17, 59
Suppose -5*d + 2*l + 11632 = 0, -9328 = -2*d - 2*d - 4*l. List the prime factors of d.
2, 3, 97
Let a be ((-4)/(-7))/((-16)/56). Suppose -5*r + 455 = 5*i, 3*r + 3*i - 263 = 2*i. List the prime factors of -1 - a - 1 - r*-1.
2, 43
Suppose -s + 2*a = -78, 301 = 4*s + a + 16. What are the prime factors of s?
2, 3
Let i(g) = -2*g**3 - 7*g**2 - 2*g - 13. Let z be i(-9). What are the prime factors of ((-21)/14)/((-3)/z) + -3?
5, 89
Let w = -777 + 780. List the prime factors of w + -6*2696/(-12).
7, 193
Let f = -281 - -11. Let m = f + 462. List the prime factors of m.
2, 3
Let t(f) = -36 + 2*f - 27*f + 6 - 12*f - 7*f. List the prime factors of t(-7).
2, 139
Let x = -15385 + 38538. What are the prime factors of x?
13, 137
Let x be ((-56)/16)/((-3)/(-6)). Let y(i) = -i**2 + 9*i + 166. Let h(n) = n**2 - 8*n - 165. Let a(c) = x*h(c) - 6*y(c). What are the prime factors of a(0)?
3, 53
Suppose 0 = 5*s - 2*k - 11, -2*s - 4*k + 12 = -2. What are the prime factors of s - 78*((-64)/12)/8?
5, 11
Suppose 3*b = 5*d + 14733, 3*d = -4*b + 12371 + 7244. List the prime factors of b.
2, 11, 223
Let w(c) = c**3 - c**2 + 4. Let t be w(3). Let o(g) = g**3 + 12*g**2 + 25*g + 26. Let a be o(-9). What are the prime factors of 2808/a + 4/t?
2
What are the prime factors of 11 - (-55)/(-5) - -9241?
9241
Let y(n) = 689*n + 180. What are the prime factors of y(3)?
3, 7, 107
Let s = -166 + 137. What are the prime factors of (s/4)/(9/(-72))?
2, 29
Let b(d) = -13*d**3 + 2*d**2 - 6*d - 1. Let o be b(-3). Let x = o - 183. Let j = x - 76. What are the prime factors of j?
127
Let c = 3127 + -1822. Let a = c - 483. What are the prime factors of a?
2, 3, 137
List the prime factors of (105599/(-143))/((-4)/220).
5, 8123
Let u = -1851 + 3478. What are the prime factors of u?
1627
Let u(o) = o**3 - 5*o + 3. Let s be u(-6). Let v be s - -3*5/3. Let q = v + 276. What are the prime factors of q?
2, 7
Suppose -1179999 = -44*i - 183971. What are the prime factors of i?
22637
What are the prime factors of 7*-1 + (-26)/((-936)/858492)?
2, 5, 149
Suppose z - 8 = -7*z. What are the prime factors of 1 + 8 + z*(-5)/5?
2
Let k(d) = 9*d**2 + 14*d - 4. Let f be k(-6). Let g = f + -130. What are the prime factors of g?
2, 53
Let i = -12923 + 29141. List the prime factors of i.
2, 3, 17, 53
Suppose 0 = -13*y + 5*y + 1248. Let b = y + -62. List the prime factors of b.
2, 47
Let w(b) = -439*b - 152. List the prime factors of w(-3).
5, 233
Suppose -6*g - 6510 = -c - 2*g + 607, 0 = g. List the prime factors of c.
11, 647
Let v = -294 - -776. Let z = -179 + v. What are the prime factors of z?
3, 101
Let q = 15 + -18. Let f = -6 - q. What are the prime factors of (-13)/(39/(-162)) - f?
3, 19
Let a(v) = -2*v - 1. Let k be a(-3). Suppose 0 = -4*j + k*q + 7032, 0 = -2*q + 2 - 10. List the prime factors of j.
1753
Suppose 4*n = 75284 + 6968. What are the prime factors of n?
20563
Suppose -2*i = n + 610, 10*n - 618 = 2*i + 7*n. Let f = 532 + i. List the prime factors of f.
2, 113
Let k = -237 - -7858. List the prime factors of k.
7621
Let j = 9060 - 5752. List the prime factors of j.
2, 827
Suppose 104 = -26*v + 26. Let h(f) = 82*f**2 + 8*f + 12. List the prime factors of h(v).
2, 3, 11
List the prime factors of (-6)/(-5)*-21*-90*5.
2, 3, 5, 7
Suppose -21 = 2*r + 9. Suppose 5*z = 2*s + 84, 16*s = 17*s - 3. List the prime factors of 1155/(-6)*z/r.
3, 7, 11
Let v(g) = 10*g**2 - 6*g - 19. Let o be v(-7). Suppose 3*q = d + 61 - o, 0 = q + 4. Suppose 4*z + 0*z + 4*c = d, -454 = -4*z + 3*c. List the prime factors of z.
2, 7
Let u(o) = -5*o - 11. Let g be u(-6). Let c(f) = -f**2 + 22*f + 13. Let j be c(g). Suppose 5*z = j + 395. What are the prime factors of z?
3, 31
Suppose 4*z - 18048 = -i, -5*z + 17738 = -2*i - 4822. What are the prime factors of z?
2, 3, 47
Suppose 0 = 5*g - 6*g - 44. Let c = 187 - g. List the prime factors of c.
3, 7, 11
Let t be ((-8)/(-10))/((-28)/(-70)). Let k be 652/18 + t/(-9). Suppose 32 = 5*u - 4*a - 100, -u = 4*a - k. List the prime factors of u.
2, 7
Let i = 64 - 68. Let w be 4263/3 - (-3 - i). Suppose -w = -12*z + 224. What are the prime factors of z?
137
Let a(s) = -2*s**2 - 49*s - 24. Let y be a(-24). Suppose y = 5*c - 3*b - 4860, -35 = 5*b - 10. List the prime factors of c.
3, 17, 19
Let a(v) = -283*v**3 - 10*v**2 - 24*v - 15. List the prime factors of a(-4).
3, 6011
Let g(n) = -986*n + 2786. List the prime factors of g(-44).
2, 3, 5, 19
Let y = 338 - 329. What are the prime factors of 9444/y + (-3)/9?
1049
Let i(r) be the first derivative of -38 + 7/3*r**3 + 1/2*r**2 + 16*r + 1/4*r**4. What are the prime factors of i(-7)?
3
Let i(t) = -3*t - 24. Let a be i(-8). Suppose -10*x + 7*x + 5*h + 4179 = a, 3*x = -5*h + 4209. List the prime factors of x.
2, 3, 233
Let n = -386 - -1629. Suppose 0 = -5*f + n + 622. List the prime factors of f.
373
What are the prime factors of -5 + (8/2 - 12802)*12/(-18)?
8527
Let b(h) = 26*h**2 + 4*h - 5. Let a = -159 + 161. List the prime factors of b(a).
107
Suppose j - 2*q - 10 = 0, 5 = 4*q + 25. Suppose -3*l - k = -15, 9 = 3*l + 3*k - j. Suppose -336 = -0*a - l*a. List the prime factors of a.
2, 7
Let z(k) = 575*k + 4. Let b be z(3). Let h = b - 1204. Suppose 2*v + 86 - h = -3*w, -4*v - 4 = 0. What are the prime factors of w?
3, 7
Let k be 2/(-8) + (-22)/8. Let b be 7/(k - (3 - 5)). Let i(x) = x**3 + 6*x**2 - 9*x - 8. What are the prime factors of i(b)?
2, 3
Suppose -4*m = 3*f + 4059, 3*f - 1099 = m - 73. Let g = -558 - m. What are the prime factors of g?
3, 17
Suppose 0 = -4*y + 9*y + 20. Let d be y/16 - 95/4. Let n = d + 126. List the prime factors of n.
2, 3, 17
Let r(n) = n**3 + 2*n**2 - 3*n + 47. Let q(o) = -o**3 - 2*o**2 - 2*o. Let x be q(0). What are the prime factors of r(x)?
47
Let w = -16 + 56. Let v = w + -36. What are the prime factors of 396/16 - v/(-16)?
5
List the prime factors of 960/800*9225/2.
3, 5, 41
Let x(o) = -93*o + 1012. What are the prime factors of x(-17)?
2593
Suppose -4 = 4*m - 16. Suppose 19 = 4*l + m. What are the prime factors of (295/(-10))/((-2)/l)?
59
Let g(t) = -7*t - 114. Let q(c) = -17*c - 227. Let v(s) = 13*g(s) - 6*q(s). List the prime factors of v(16).
2, 7
Let z be (-19)/95*2/(-1)*-5. Let g(v) = 287*v**2 + 29*v. List the prime factors of g(z).
2, 5, 109
Suppose -26 = -5*b - 2*z, -4*b + z + 9 = -b. Let c = 653 + -507. Suppose b*y = c - 18. What are the prime factors of y?
2
Let n be 378/78 + (-8)/(-52) - -142. Let f = 1212 - n. What are the prime factors of f?
3, 5, 71
Let f = -3 + 15. Suppose -f + 18 = -i. What are the prime factors of i/(-4)*9*98/21?
3, 7
Let o be (-1)/2 - (-4 + 5/10). Suppose -3*a + 2*u - o*u = -494, -4*a = 5*u - 644. What are the prime factors of a?
2, 83
Let h(m) be the third derivative of m**5/10 + 3*m**4/8 - 29*m**3/6 + 2*m**2 + 8. List the prime factors of h(4).
103
Let z(s) = -s**2 - 4*s + 24. Let r be z(-7). Suppose 0 = 2*x - v - 275, 2*x + 0*v - 287 = -r*v. List the prime factors of x.
139
Suppose -4*d = -3*t - 47, -7*t + 6*t - 5*d + 16 = 0. Let w(p) = -35*p - 35. What are the prime factors of w(t)?
2, 5, 7
List the prime factors of 10*(115488/(-80))/(-18).
2, 401
Suppose 83*b = 75*b + 48. Suppose -i + b*a + 193 = 5*a, -3*a - 12 = 0. List the prime factors of i.
3, 7
Let t = -339 + 166. Let c(g) = -g**2 + 2*g - 91. Let b be c(-13). Let s = t - b. What are the prime factors of s?
113
Suppose -100*h = -97*h - 36. List the prime factors of ((-6123)/(-26))/(9/h - 0).
2, 157
Let t(n) = 91*n**2 + 10*n + 2*n + 25 - 84*n**2. What are the prime factors of t(-4)?
89
Let d(z) = -z**2 - 2*z + 5. Let l be d(0). Suppose -l*v = -0*t - 2*t - 10, 15 = -3*v - 3*t. Suppose 19*r - 1782 - 973 = v. What are the prime factors of r?
5, 29
Suppose 27*i - 14316 - 27498 = 107874. What are the prime factors of i?
2, 3, 7, 11
Suppose -5*w = -10 - 5. Suppose -5*p = -1519 + 249. Suppose -p = -w*y + 64. What are the prime factors of y?
2, 53
Let g(c) = 18*c**3 - c**2 - 36*c + 106. What are the prime factors of g(11)?
3, 47, 167
Let j = 151603 + -87518. What are the prime factors o